at is o(-34)?
-23
Let t(i) = -i**2 - 5*i + 55. What is t(5)?
5
Let k(p) = -p**3 + 11*p**2 + 15*p + 35. Give k(12).
71
Let h(g) = -9*g**2 - 103. Give h(0).
-103
Let h(v) = -v**3 + 3*v**2 + 40*v + 55. Determine h(-8).
439
Let z(j) = -j**3 + 17*j**2 - 30*j + 129. What is z(7)?
409
Let i(s) = 16*s + 100. Determine i(0).
100
Let l(m) = -1742*m + 41817. Calculate l(24).
9
Let a(z) = 67*z - 10. Calculate a(0).
-10
Let g(u) = 3*u**3 + 23*u**2 + 3*u + 36. Determine g(-8).
-52
Let p(f) = -12*f - 86. Calculate p(-8).
10
Let t(x) = -x**3 - 3*x**2 + 56*x + 8. Calculate t(-12).
632
Let b(r) = -121*r**2 + 169*r - 157. Calculate b(1).
-109
Let d(n) = -n**3 + 18*n**2 - 80*n + 45. Determine d(6).
-3
Let y(h) = 20*h**3 - 138*h**2 - 3*h - 75. Determine y(7).
2
Let k(y) = 1324*y + 5232. Determine k(-4).
-64
Let v(l) = -l**2 - 30*l - 166. Give v(-24).
-22
Let v(g) = 2*g**2 + 6*g - 9059. What is v(66)?
49
Let o(s) = -533*s - 1984. Calculate o(-4).
148
Let r(k) = k**3 + 6*k**2 + 5*k + 17. Calculate r(-3).
29
Let g(c) = -25*c + 588. Give g(24).
-12
Let i(t) = 2*t**3 - 127*t**2 + 192*t - 366. Give i(62).
6
Let n(k) = -91*k + 1189. Calculate n(15).
-176
Let o(c) = -c**3 - 150*c**2 - 587*c - 474. What is o(-146)?
-36
Let x(j) = j**3 - 6*j**2 - 84*j + 373. Determine x(4).
5
Let k(n) = -n**2 - 33*n + 45306. Calculate k(-230).
-4
Let i(a) = 8*a**2 + 21*a - 36. Calculate i(4).
176
Let h(l) = -151*l**2 + l - 4. Calculate h(1).
-154
Let v(c) = c**2 - 10*c + 14. What is v(6)?
-10
Let l(z) = -3*z**3 - 12*z**2 + 5*z + 55. Calculate l(-4).
35
Let d(z) = z + 25. Give d(-19).
6
Let q(a) = -3*a**2 + 35*a - 158. Give q(5).
-58
Let b(w) = 13*w**2 + 231*w - 3250. Determine b(-27).
-10
Let p(j) = -2*j**2 + 47*j + 265. What is p(-8)?
-239
Let x(g) = -60*g + 291. Give x(3).
111
Let p(s) = 15*s**3 + 34*s**2 - 22*s + 6. Calculate p(1).
33
Let o(r) = 3*r**3 + 2*r**2 + r + 6. What is o(3)?
108
Let f(h) = -598*h - 14349. What is f(-24)?
3
Let c(r) = -r**3 + 60*r**2 + 110*r + 871. What is c(62)?
3
Let y(u) = 3*u**3 + 5*u**2 + 43*u - 188. Determine y(5).
527
Let l(q) = q**2 + 73*q + 76. Calculate l(-72).
4
Let v(o) = -o**3 + 18*o**2 + 7*o + 24. Calculate v(19).
-204
Let z(h) = -h**3 + 8*h**2 + 9*h + 35. What is z(9)?
35
Let y(k) = k**3 + 8*k**2 + 4*k. Determine y(-7).
21
Let v(s) = -15*s**2 + 35*s - 73. Determine v(2).
-63
Let w(q) = -q**2 + 572*q + 4050. Give w(-7).
-3
Let j(k) = 1602*k - 20832. Give j(13).
-6
Let q(y) = 5*y**3 + 62*y**2 + 80*y + 34. Determine q(-11).
1
Let d(u) = u**2 - 44*u + 186. Determine d(30).
-234
Let s(d) = -3*d**3 - d**2 + 9*d - 7. Calculate s(2).
-17
Let p(i) = -2*i**3 + 26*i**2 - 70*i - 18. Give p(9).
0
Let o(k) = 8*k**2 - 81*k + 18. Determine o(10).
8
Let x(k) = -1000*k + 3984. What is x(4)?
-16
Let p(h) = 26*h**2 - 414*h - 46. Determine p(16).
-14
Let h(v) = -27*v**2 + 3155*v + 478. Determine h(117).
10
Let v(m) = -m**2 + 19*m - 83. Calculate v(8).
5
Let q(x) = 4*x + 86. Determine q(-6).
62
Let a(y) = 26*y**2 - 171*y - 62. What is a(7)?
15
Let z(v) = v**3 - 78*v**2 + 20*v - 1422. Give z(78).
138
Let m(l) = -l**2 - 13*l - 20. Calculate m(-7).
22
Let z(x) = 4*x**2 - 7*x - 15. What is z(-8)?
297
Let b(p) = 3*p**2 - 163*p + 1800. What is b(39)?
6
Let x(y) = -y**2 + 26*y + 486. Determine x(-12).
30
Let y(t) = 10*t + 860. Give y(-34).
520
Let i(q) = 39*q**3 + 5*q**2 + 9*q + 4. What is i(-1)?
-39
Let b(g) = 1373*g - 4118. Determine b(3).
1
Let g(a) = 64*a + 785. Give g(-11).
81
Let m(s) = -15*s - 514. Calculate m(-36).
26
Let r(t) = 5*t**2 + 45*t - 12. Determine r(-10).
38
Let i(c) = -c**3 + 28*c**2 + 2*c + 89. What is i(28)?
145
Let i(d) = -2*d**3 + 22*d**2 + 27*d + 5. Determine i(12).
41
Let c(x) = -3186*x - 9550. Calculate c(-3).
8
Let l(r) = r**3 - r**2 + 9*r - 22. Give l(2).
0
Let h(u) = -u**3 - 16*u**2 - 30*u - 84. What is h(-13)?
-201
Let p(d) = -d**2 - 18*d - 56. Give p(-18).
-56
Let i(k) = -6*k**3 - 38*k**2 - 61*k + 26. Give i(-2).
44
Let c(g) = -31*g - 1215. Determine c(-38).
-37
Let s(t) = 40*t - 244. Give s(6).
-4
Let l(j) = 3*j**3 - 40*j**2 + 101*j - 4. Give l(10).
6
Let n(u) = -61*u - 671. Calculate n(-11).
0
Let b(z) = 4*z**2 - 211*z - 109. Calculate b(53).
-56
Let f(r) = 30*r - 80. Calculate f(4).
40
Let g(o) = 5*o**2 - 94*o + 332. Calculate g(14).
-4
Let p(f) = 2*f**2 - 73*f + 84. Determine p(36).
48
Let v(r) = -r**3 + 4*r**2 + 144*r - 2. Give v(14).
54
Let c(f) = f**3 - 14*f**2 - 110*f + 1601. Determine c(12).
-7
Let i(b) = 65*b - 37. Calculate i(-1).
-102
Let i(y) = y**3 - 13*y**2 - 131*y - 30. Calculate i(-7).
-93
Let m(d) = -436*d**2 + 4*d - 2. Determine m(1).
-434
Let r(y) = -7*y**3 + 64*y**2 - 19*y - 5. Give r(9).
-95
Let w(c) = -28*c - 1. Give w(25).
-701
Let u(k) = -152*k**3 + k**2 - 1. Calculate u(-1).
152
Let b(m) = 7964*m - 11. Give b(0).
-11
Let b(f) = -f**2 + 10*f + 1248. Give b(-32).
-96
Let x(b) = -b**3 + 19*b**2 - 5*b + 98. Calculate x(19).
3
Let z(k) = k**3 + 17*k**2 - 18*k - 3. Calculate z(-18).
-3
Let b(o) = -405*o - 4872. What is b(-12)?
-12
Let s(n) = 11623*n + 255706. What is s(-22)?
0
Let u(v) = 1180*v - 7143. Determine u(6).
-63
Let z(i) = i**3 + 34*i**2 + 68*i + 141. Determine z(-32).
13
Let i(v) = -13*v**2 - 1921*v + 2381. Calculate i(-149).
-3
Let n(x) = x**3 + 110*x**2 + 721*x + 2. Give n(-7).
2
Let z(k) = -1858*k + 7436. Determine z(4).
4
Let j(h) = h**2 - 18*h - 203. Determine j(-8).
5
Let f(q) = -195*q - 10330. What is f(-53)?
5
Let u(n) = -1338*n - 16044. What is u(-12)?
12
Let d(k) = -28*k**2 - 21*k - 46. Calculate d(-2).
-116
Let k(x) = -2*x**2 + 1519*x - 12016. Calculate k(8).
8
Let a(u) = u**3 - 18*u**2 + 15*u - 244. Determine a(18).
26
Let j(q) = -q**3 + 20*q**2 - 123*q + 411. Determine j(13).
-5
Let i(c) = c**3 - 27*c**2 - 55*c - 155. Give i(29).
-68
Let g(r) = -21*r**2 + 297*r - 27. Determine g(14).
15
Let u(p) = 33*p + 321. Give u(-10).
-9
Let r(x) = -648*x**2 + 7*x - 8. Calculate r(1).
-649
Let l(k) = k**2 + 7*k + 1. Give l(-10).
31
Let g(b) = 287*b - 11768. Calculate g(41).
-1
Let y(d) = 107*d + 804. Give y(-5).
269
Let v(k) = k**3 + 23*k**2 + 23*k - 675. What is v(-20)?
65
Let r(n) = -3*n**3 + 11*n**2 - 18*n + 181. Calculate r(9).
-1277
Let o(r) = -r**2 - 4*r - 7. Give o(-2).
-3
Let m(u) = 28*u + 2920. Calculate m(-98).
176
Let l(k) = -k**2 + 14*k + 319. Determine l(-8).
143
Let p(i) = -3*i**2 - 158*i - 81. What is p(-52)?
23
Let j(m) = m**3 + 23*m**2 - 35*m - 1249. What is j(-22)?
5
Let j(v) = 40*v + 1311. Determine j(-33).
-9
Let o(g) = g**3 - 27*g**2 + 24*g + 103. Give o(26).
51
Let c(p) = 26*p - 33. Calculate c(1).
-7
Let d(m) = m**3 + 14*m**2 - 17*m - 43. Calculate d(-15).
-13
Let b(j) = -j**2 + 8*j - 41. Calculate b(20).
-281
Let p(a) = 23136*a + 46268. What is p(-2)?
-4
Let w(b) = -3*b**3 - 8*b**2 + 32*b - 12. Give w(-6).
156
Let l(q) = 5*q**3 - 7*q**2 - 6*q + 10. What is l(4)?
194
Let u(s) = s**2 + 50*s - 5626. Give u(54).
-10
Let n(l) = 61*l + 93. Give n(-2).
-29
Let k(o) = 3*o**3 + 6*o**2 - 12*o - 11. Determine k(-4).
-59
Let x(l) = l**2 + 25*l - 953. Calculate x(-45).
-53
Let a(m) = -4*m + 370. Determine a(-48).
562
Let t(r) = -119*r - 83. What is t(-2)?
155
Let r(i) = 3*i**3 - 124*i**2 + 39*i + 29. Give r(41).
-53
Let k(s) = -s**2 + 35*s - 288. Give k(12).
-12
Let c(z) = z**3 + 17*z**2 + 86*z + 31. Determine c(-9).
-95
Let k(w) = -4*w**2 - 136*w - 249. Give k(-32).
7
Let k(t) = t**3 - 5*t**2 + 49*t - 338. Give k(6).
-8
Let s(u) = 260*u - 232. Determine s(1).
28
Let f(m) = -m**3 - 7*m**2 + 10*m - 17. Give f(-8).
-33
Let l(d) = d**3 - 53*d**2 + 94*d + 396. Give l(51).
-12
Let s(i) = 300*i**3 - 3*i**2 - 4*i - 2. Calculate s(-1).
-301
Let h(b) = 131*b**2 - 143*b + 5. What is h(1)?
-7
Let d(w) = 17*w - 349. Calculate d(20).
-9
Let r(d) = -d**3 - 14*d**2 + d + 26. Determine r(-13).
-156
Let k(b) = 9*b**2 + 891*b - 1829. Calculate k(-101).
-11
Let y(l) = -1217*l + 1205. Calculate y(1).
-12
Let w(t) = 13*t - 67. What is w(14)?
115
Let h(b) = b**2 - 15*b + 212. Give h(12).
176
Let a(t) = t**3 + 7*t**2 - 11*t - 38. Determine a(-8).
-14
Let k(l) = -10*l + 190. Give k(25).
-60
Let l(b) = -b**3 + 44*b**2 - 250*b + 44. Give l(37).
377
Let p(w) = -162*w + 1787. Calculate p(11).
5
Let y(r) = 230*r + 1012. What is y(-4)?
92
Let p(g) = -2*g**3 + 19*g**2 - 71*g + 33. Calculate p(8).
-343
Let b(u) = -u**3 - 128*u**2 